the remainder when 16 + 105 + 4/(-2) is divided by 38?
5
Suppose 6*l = 98 - 26. Suppose 3*t + 90 = 3*p, 4*p + 2*t - 90 = -0*t. What is the remainder when p is divided by l?
1
Let o(q) = q**2 + 4*q + 4. Let r be o(-3). Let i(x) = 3*x - 14. Calculate the remainder when r/4 - (-390)/8 is divided by i(9).
10
Suppose -p + 0 = 4*z - 14, -2*z = -5*p + 26. Calculate the remainder when 27 is divided by p.
3
Suppose 0 = -0*z + 3*z. Let x = 24 + -20. Let g = z + x. What is the remainder when g is divided by 4?
0
Suppose 2*a = 5*a - 18. Calculate the remainder when (-46)/10*125/(-25) is divided by a.
5
Let g be 0 - ((-10)/2 - 2). Suppose 2*j + 450 = g*j. Suppose -3*y = 3*y - j. What is the remainder when 44 is divided by y?
14
Let k = -11 - -27. Suppose 4*o + 4 - k = 0. Calculate the remainder when (-34)/o*45/(-10) is divided by 13.
12
Suppose -13*i + 132 = -10*i. Suppose i + 28 = 8*y. Suppose -5*t + 98 = -67. Calculate the remainder when t is divided by y.
6
Let c(i) = -i + 11. Let n be c(6). Suppose 3*w = n*w - 10. Suppose 62 = w*a + 7. What is the remainder when 30 is divided by a?
8
Let t = -4 - -8. Let g be 8/(-3) + 2/3. Let v = g - -15. Calculate the remainder when v is divided by t.
1
Let t(k) = 98*k**3 - k**2 + 1. Suppose -4*a = 5*s + 7, -3*s - 5 = 3*a + 4. Let z(c) = -c + 17. What is the remainder when t(1) is divided by z(a)?
23
Let k be (-6)/2 - (6 + -3). Calculate the remainder when 29 is divided by (10/k)/(6/(-54)).
14
What is the remainder when (-12)/(-15) - (-14115)/75 is divided by 16?
13
Suppose 3*x = -12, 430 = 5*n - 5*x - 0*x. Suppose -11 - 15 = -l. Calculate the remainder when n is divided by 0 - -25 - 104/l.
19
Suppose -3*q + 450 = 2*q. Let j = -51 + q. Calculate the remainder when 110 is divided by j.
32
Let y(d) = -2*d**3 - 2*d**2 - 2*d + 3. Suppose 20 = g + g. What is the remainder when y(-3) is divided by g?
5
Suppose 3 + 21 = j. Calculate the remainder when j is divided by 3/(-12)*-1 + (-102)/(-8).
11
Suppose -2*y - 2*z + 5*z = -375, 3*z - 969 = -5*y. Let c = y + -270. Let q = -51 - c. What is the remainder when q is divided by 7?
6
Let z(k) = -k**3 - 8*k**2 - 12*k - 26. Calculate the remainder when (28/(-5))/(4/(-10)) is divided by z(-7).
5
What is the remainder when 11917/187 - (-6)/22 is divided by 22?
20
What is the remainder when 60 is divided by (16/(-216) + (-1295)/378)*-2?
4
Suppose 4*l = 41 - 1. Suppose l*z - 7*z = 132. What is the remainder when z is divided by 16?
12
Let i(y) = y + 9. Let d(j) = -j**3 - 4*j**2 - 2*j + 1. Let l be d(-3). What is the remainder when 12 is divided by i(l)?
5
Let q = 223 + -159. What is the remainder when 1343 is divided by q?
63
Suppose 3*h = -6 - 0. Let o be (h/2)/((-2)/4). Suppose -f = o*m - 0*m - 9, -4*f + 45 = 5*m. What is the remainder when f is divided by 4?
3
Calculate the remainder when -3*1/(27/(-4527)) is divided by 22.
19
Let a be 0*(5/(-2) - -2). Suppose 2*w - 27 - 25 = a. What is the remainder when w is divided by 15?
11
Let y = 91 + -4. Calculate the remainder when y is divided by 7.
3
Suppose -4*t - 1 = 4*o - 5, 0 = 2*t + 5*o + 7. Calculate the remainder when (736/20)/(t/10) is divided by 24.
20
Let v be 1/(-4) + 234/8. Suppose -w + 41 = 3*y, -v = -y - 2*y - 4*w. Let c(n) = 21*n + 1190. What is the remainder when c(-54) is divided by y?
11
Let n be (4/5)/((-3)/15*1). Let a = n - -33. What is the remainder when a is divided by 10?
9
Suppose 315*h - 325*h = 10. Let v be -21 + 0 - (-1 + 1). Let l = h - v. What is the remainder when l is divided by 11?
9
Let o = 8 + -4. Calculate the remainder when 48 is divided by (-2)/o*(-9 - 5).
6
Let k(q) = q + 52. Suppose 140*d - 41546 = -12846. What is the remainder when d is divided by k(0)?
49
Suppose 3*v - 30 = -2*v. Suppose -2*n + 68 = -v. What is the remainder when n is divided by (-10*1)/(5 - (-11)/(-2))?
17
Let x(k) = -k**3 - 9*k**2 + 10*k + 14. What is the remainder when -5*3*(-10)/6 is divided by x(-10)?
11
Let n = 897 - 865. Calculate the remainder when 55 is divided by n.
23
Let d = 16 - 7. Let g(r) = -12*r - 30. What is the remainder when g(-6) is divided by d?
6
Let z = -52 - -75. Let w(b) = -b**2 + 23*b + 31. Suppose 5*u + 3*g - 451 = 0, -2*u - 3*g = -4*u + 193. Calculate the remainder when u is divided by w(z).
30
Suppose 2*f = 6*f - 156. Let w = f - 23. Let z(p) = 2*p**3 - p**2 + 21*p + 31. Calculate the remainder when z(0) is divided by w.
15
Let m = 55 + 4. Calculate the remainder when m is divided by (25/(-2) + -1)/((-51)/34).
5
Suppose 45 = -n + 6*n. Let a(w) = w**3 + w**2 - w + 14. Calculate the remainder when a(0) is divided by n.
5
Suppose -b + 8*d + 59 = 5*d, -4*b = -5*d - 257. Calculate the remainder when b is divided by 3.
2
Let d(z) = -z - 2. Suppose 3 = 5*u + 58. Suppose 2 = j - 1. What is the remainder when d(u) is divided by j?
0
Let l(d) = 6*d**2 - 10*d + 13. Suppose 4*k = 28 - 12. Calculate the remainder when l(k) is divided by 12.
9
Suppose 2*w + 64 = 3*w. Suppose 17 = 2*d + 15, 87 = 5*f + 2*d. Calculate the remainder when w is divided by f.
13
Suppose -2*r + 10 = 0, 8*r = 5*t + 9*r - 35. Let c(k) = -k**3 + 5*k**2 + k - 3. Calculate the remainder when t is divided by c(5).
0
Suppose 218 = 4*m - 5*p, -38 = -4*m + 4*p + 182. Let c be ((-16)/(-12))/((-32)/(-888)). Let s = m - c. What is the remainder when s is divided by 11?
9
Suppose -46 = -4*j - 34. Suppose -160 = -2*h - j*h. What is the remainder when h is divided by 18?
14
Let y(d) = -d**2 + 4*d + 3. Let x be y(4). Let m be ((-5 - -1) + 8)*1. What is the remainder when 47 is divided by -6*(-6)/m + x?
11
Let w = 97 - 57. Suppose -2*k + 173 + 141 = 0. What is the remainder when k is divided by w?
37
Suppose -2*x = 3*f - 41, -2*x + 3*x = -4*f + 8. Let g be (-1 - -1)*11/(-22). Suppose -s + 5 + 50 = g. Calculate the remainder when s is divided by x.
27
Suppose -4 + 254 = -5*v. Let s be ((-40)/v)/(2/55). Suppose -s = -2*g + 26. What is the remainder when g is divided by 9?
6
Let p = -132 - -204. Let l = p - 63. What is the remainder when l is divided by 3?
0
Let s = -29 - -53. Suppose 2*r - s = 3*r. Let n = -5 - r. What is the remainder when n is divided by 11?
8
What is the remainder when 3575/429*156/10 is divided by 41?
7
Let y = -455 + 457. Calculate the remainder when 23 is divided by y.
1
Suppose -t = -5*f + 166, 5*f + 505 = 3*t + 683. What is the remainder when (-63)/1*2/(-1) is divided by f?
30
Calculate the remainder when 504 is divided by 306/14 + ((-32)/(-28) - 1).
20
What is the remainder when 593 is divided by ((-1016)/(-40) - -1)*10/4?
65
Let a(w) = w**2 - 4*w + 8. What is the remainder when a(-9) is divided by 43?
39
Suppose -4*p - 3*q = -15, -1 + 8 = 3*p - 2*q. Let c be 0/(p - (-2)/(-1)). Suppose 0 = 4*y - c - 44. What is the remainder when 30 is divided by y?
8
Let w(r) = r**3 + 3*r**2 - 2*r + 8. Let v be w(-4). Let q = 2 + v. Calculate the remainder when 11 is divided by q.
1
Let d(o) = o**2 + o + 44. Suppose b + 88 = 4*r, -5*b - 53 = -3*r - b. Calculate the remainder when d(0) is divided by r.
21
Suppose -29*x + 510 = -12*x. Calculate the remainder when x is divided by 15.
0
Let r(z) = z**3 + 11*z**2 - 30*z - 7. What is the remainder when 269 is divided by r(-13)?
44
Suppose -a - 4*a = g + 45, 3*g + 15 = 0. Calculate the remainder when 31 is divided by (a/(-4) - -1) + 5.
7
Let w be 102/8 - (-5)/20. Let z(b) = 7*b**2 - 5*b**2 + 3*b + 5*b + w - b**2. Calculate the remainder when z(-9) is divided by 12.
10
Let h(i) = 78*i**2 - i + 1. Calculate the remainder when h(2) is divided by 13.
12
Let d = 556 + -432. What is the remainder when d is divided by 18?
16
Suppose 4*j + 2*p - 132 = 0, -p = j + 2*j - 101. Let h = -73 + j. Let n = 25 - h. What is the remainder when n is divided by 22?
19
Let g = 400 + -367. Calculate the remainder when g is divided by 13.
7
Let s = -242 + 265. Calculate the remainder when 204 is divided by s.
20
Let w = -1 - -2. Let y be -3 + 29/w*2. Suppose -2*d + 11 = -4*c - 11, y = 5*d - c. Calculate the remainder when 53 is divided by d.
9
Let u(h) = -134*h - 1569. Suppose r = -1 + 9. Calculate the remainder when u(-12) is divided by r.
7
Calculate the remainder when 71 is divided by (5 - (-1 - -5))*27.
17
Suppose 4*b + 56 = q - 119, -383 = -2*q - 3*b. What is the remainder when q is divided by 7?
5
Suppose 4 = 2*p - 0. Su